Let h(j) = -j**2 + j - 9. Let y be h(0). Let n = -7 - y. Suppose 3*a = d + 7 + 7, -2*d - n*a + 12 = 0. What is the highest common divisor of d and 1?
1
Let j(h) = h**3 + 16*h**2 - 18*h + 2. Let a be j(-17). Let f = a + 44. Calculate the greatest common factor of 21 and f.
21
Suppose 18*t - 15*t + 114 = 0. Let s = 73 + t. Calculate the highest common divisor of 5 and s.
5
Suppose 5*b - 302 + 9 = -2*y, 5*b = -3*y + 297. Calculate the greatest common divisor of 76 and b.
19
Let c be 660/35 - 72/84. What is the highest common factor of 198 and c?
18
Let z(a) = -27*a + 1 - 4 + 22*a. Let l be z(-2). Suppose 0 = -i + l + 13. What is the greatest common factor of 4 and i?
4
Let q(d) = -d**2 + 5*d - 11. Let j be q(4). Let g(m) = -9 + 4*m**2 + 5*m - 7*m**2 + 4*m**2. Let n be g(j). What is the greatest common factor of 5 and n?
5
Suppose 703*c = 688*c + 33630. What is the greatest common factor of c and 76?
38
Let y be (-67)/(-3) - 2/6. Let b be 6/14 - (-3)/((-42)/1826). Let q = b + 132. What is the greatest common factor of y and q?
2
Suppose -n + 8 = 7. Suppose -5*t - n + 6 = 0. What is the greatest common divisor of t and 11?
1
Let l = -11 - -14. Suppose -l*v + 72 = -2*v. What is the highest common factor of 8 and v?
8
Let s be (46/(-6))/(6/(-162)). Let w = s - 119. Let o(x) = x - 9. Let c be o(17). What is the greatest common divisor of c and w?
8
Let s(a) = a**3 + 7*a**2 - 2*a - 9. Suppose -3*t - 18 = 3. Let m be s(t). Calculate the highest common divisor of m and 20.
5
Suppose 4*g - 30 = -5*k + 74, 3*k + 2*g - 64 = 0. Suppose -24 = -26*p + 23*p. Calculate the greatest common factor of k and p.
8
Suppose -29*x + 782 = -5598. Calculate the greatest common divisor of x and 8.
4
Let z(w) = -w**3 - 7*w**2 + 4*w - 18. Let u be z(-8). Let o = -10 + u. What is the highest common factor of o and 10?
2
Suppose -11*m + 14 = -360. What is the greatest common divisor of 4 and m?
2
Suppose 6 = 15*q - 17*q, -5*r + 3*q + 489 = 0. What is the greatest common factor of r and 16?
16
Let r = 1233 + -265. Let p be r/32 + (-1)/4. What is the highest common factor of p and 45?
15
Suppose f + 4 - 1 = 0. Let d be ((-4)/(16/36))/f. Suppose -12 = -d*t - 0. What is the highest common divisor of 36 and t?
4
Let t(l) = 7*l - 342. Let s be t(59). Calculate the highest common divisor of s and 2.
1
Let y be 1*135/(-3 + 6). Let d = 12 - 11. Let p(l) = 16*l**3 - l**2. Let c be p(d). What is the greatest common divisor of y and c?
15
Let q(n) = -n**2 + 22*n + 36. Let b be q(13). Calculate the highest common divisor of 9 and b.
9
Let q be (-4 - 5/5)*(-3)/5. Suppose 2*t = 6*t - 3*b - 71, 15 = -q*b. Calculate the highest common divisor of 154 and t.
14
Suppose -5 = i, 2*m + 0*i - 5*i - 81 = 0. Calculate the greatest common divisor of m and 322.
14
Let x = 161 + -158. Let f be (-2*2)/((-4)/3). What is the highest common factor of f and x?
3
Let s(r) = 12*r**3 + 2*r**2 - 2*r + 1. Let q be 8/3*(-18)/(-8). Suppose 3*l + 3 - q = 0. Let w be s(l). Calculate the highest common divisor of w and 143.
13
Let h = -11 + 14. Suppose -h*d + 52 - 7 = 0. What is the highest common divisor of 6 and d?
3
Let h = 1560 + -1450. What is the highest common divisor of h and 30?
10
Let m(a) = 3*a**2 - a - 2. Suppose 0 = 5*l + 18 - 3. Let p be m(l). What is the highest common factor of p and 7?
7
Let r = -455 + 815. Suppose s + 16 - 59 = -5*i, -5*s = -4*i - r. Calculate the greatest common factor of 34 and s.
34
Let o(s) = s**3 - 8*s**2 - 7*s - 12. Let k be o(9). Suppose -4*p = -4*j + 208, 4 = -p - 0. What is the highest common factor of j and k?
6
Suppose 0 = 3*h - 0*h - 4*c - 28, 2*c = -2. Let d be h - 0/(-2) - 2. Let m be 3/6*d - -165. What is the highest common divisor of 24 and m?
24
Let l = 12498 + -12491. Suppose 5*n + 4*g = -6, 0 = -3*n - 8*g + 3*g - 14. Suppose -21 + 133 = n*k. Calculate the greatest common divisor of l and k.
7
Suppose 3*o = -o + 192. Suppose -4*l + o = -432. Calculate the highest common divisor of l and 20.
20
Let t be 3/2*4/6. Let q(z) be the second derivative of z**4 + z**3/6 - 20*z. Let h be q(t). What is the greatest common factor of h and 13?
13
Let h(v) = -5*v + 2. Suppose -o - 101 = 4*g, 2*g = 3*g - 5*o - 1. Let q = g - -21. Let y be h(q). Calculate the greatest common divisor of 170 and y.
17
Let v = 17 - 17. Suppose q - 45 + 41 = v. Suppose -q*x - f = -688, -x + 167 = -f - 0*f. What is the highest common divisor of 19 and x?
19
Suppose -3*q - 2*q = -30. Suppose 0 = -2*u - q. Let h be ((-736)/12)/(u/9). What is the greatest common divisor of h and 23?
23
Let k = -37 - -55. Let y(m) = 18*m - 144. Let z be y(15). Calculate the highest common divisor of z and k.
18
Let p = -858 + 1434. Suppose 6*g = -2*g + p. Calculate the greatest common factor of g and 12.
12
Suppose 0 = 4*y + 4*i - 3*i - 1181, -3*y + 885 = i. What is the highest common factor of 37 and y?
37
Let g = 2 - 1. Let w be (g/2)/(5/300). Calculate the greatest common divisor of 12 and w.
6
Suppose -w - 3039 = -4*w. Let h = -493 + w. Suppose i - h = -4*i. What is the greatest common divisor of 26 and i?
26
Let w = -359 - -513. Let l = w + -42. Calculate the greatest common factor of 14 and l.
14
Let m be 4/(-30) - (-129)/(-45). Let h be ((-2)/m)/(2/9). Suppose h*p + 15 = 0, 5*u + 1 = -5*p + 6. Calculate the greatest common factor of 4 and u.
2
Let y = -269 + 297. What is the highest common factor of y and 98?
14
Let b(l) = -l**3 - 6*l**2 - 7*l. Let t be b(-5). Let w = 68 + -72. Let p be (-320 - 0)*w/t. Calculate the greatest common divisor of 16 and p.
16
Let u = 15 + -177. Let f = u - -275. Suppose 4*y = 5*p + f, 3*y + 2*p - 46 = 33. What is the greatest common divisor of y and 9?
9
Let z(c) = -2*c + 1. Let y be z(-1). Suppose 0 = -u - 3*a + 12, -25*u - 6 = -26*u - 5*a. Calculate the greatest common divisor of u and y.
3
Suppose 0 = -4*f - 14 + 50. Let j(i) = -i**2 - 4*i - 4. Let g(p) = -1. Let m(z) = -g(z) + j(z). Let s be m(-2). Calculate the highest common factor of s and f.
1
Let x = 56 - 50. Suppose 0 = x*o - 22 - 20. What is the greatest common factor of o and 1?
1
Let q = -34 + 29. Let a(d) = -12*d - 46. Let t be a(q). What is the greatest common divisor of 77 and t?
7
Let q = 5 - 0. Suppose -5*c + 120 = q*g, 4*g - 16 = -c + g. Calculate the greatest common factor of c and 14.
14
Let o be (-2)/(-2*(-3)/(-36)). Let t = -9 + o. Let j be (-8)/((-1)/(t + -2)). Calculate the greatest common divisor of 40 and j.
8
Suppose i = 6*i - 70. Suppose 5*f - 196 - i = 0. Suppose 0 = -0*y - 2*y + f. Calculate the greatest common factor of 189 and y.
21
Let t be 1227 - (0 + -3 + 5). Let u be (-6)/18 + t/3. Suppose 2*c - u = -c. What is the greatest common factor of c and 17?
17
Let m(b) = b**3 + 7*b**2 - 6*b. Let r be m(-5). Let v = -5422 + 5438. What is the highest common factor of r and v?
16
Suppose 4*p + 50 - 162 = 0. Suppose -24 - 144 = -12*m. Calculate the highest common factor of m and p.
14
Suppose -2*q - 11 + 125 = 0. Let l = -52 + q. What is the greatest common divisor of 5 and l?
5
Suppose 2*d - 44 = -29*u + 26*u, -u + d + 23 = 0. Let h(o) = 28*o**2 - 1. Let l be h(1). Calculate the highest common divisor of u and l.
9
Suppose w = 3*d + 105 - 556, -749 = -5*d - w. What is the greatest common factor of d and 30?
30
Let m = -952 - -1207. What is the highest common divisor of 204 and m?
51
Suppose 4 + 12 = 4*l. Suppose -145 = -l*p - 0*p - 3*x, 3*p - 106 = -5*x. Suppose 0 = u - p + 7. What is the highest common factor of u and 12?
6
Let z(i) = 1 - i**2 - 3 + 9 + 9*i - 8. Let y be z(5). What is the highest common divisor of 209 and y?
19
Let j(k) = 2*k**2 + 8*k - 168. Let z be j(-16). What is the greatest common factor of 162 and z?
54
Let l(p) = 123*p + 328. Let b be l(8). Calculate the highest common divisor of 64 and b.
32
Suppose 2*q + n = 6*q - 10, -4*n - 8 = 0. Let j be q/(-9) - 2314/117. Let f be (-25)/(-2)*(-32)/j. Calculate the greatest common divisor of f and 30.
10
Suppose -l + 162 = b, 33 - 197 = -b - 2*l. Calculate the greatest common factor of 120 and b.
40
Let o = -289 + 1549. What is the highest common divisor of o and 28?
28
Suppose g - 2 = -t + 1, -4*t - g = -27. Let i = 3444 + -3404. What is the greatest common divisor of i and t?
8
Let c(z) be the first derivative of -z**3/3 - 29*z**2/2 - 15*z - 